[INFO] cloning repository https://github.com/lunchboxav/demo-3d
[INFO] running `Command { std: "git" "-c" "credential.helper=" "-c" "credential.helper=/workspace/cargo-home/bin/git-credential-null" "clone" "--bare" "https://github.com/lunchboxav/demo-3d" "/workspace/cache/git-repos/https%3A%2F%2Fgithub.com%2Flunchboxav%2Fdemo-3d", kill_on_drop: false }`
[INFO] [stderr] Cloning into bare repository '/workspace/cache/git-repos/https%3A%2F%2Fgithub.com%2Flunchboxav%2Fdemo-3d'...
[INFO] running `Command { std: "git" "rev-parse" "HEAD", kill_on_drop: false }`
[INFO] [stdout] 1bb37b00b69f48a3c663c1efbc6a4531f20fd63a
[INFO] checking lunchboxav/demo-3d against master#cfbc6d4cf1acbac5c025acf8ed68929caa551df3 for pr-75494-beta
[INFO] running `Command { std: "git" "clone" "/workspace/cache/git-repos/https%3A%2F%2Fgithub.com%2Flunchboxav%2Fdemo-3d" "/workspace/builds/worker-7/source", kill_on_drop: false }`
[INFO] [stderr] Cloning into '/workspace/builds/worker-7/source'...
[INFO] [stderr] done.
[INFO] validating manifest of git repo https://github.com/lunchboxav/demo-3d on toolchain cfbc6d4cf1acbac5c025acf8ed68929caa551df3
[INFO] running `Command { std: "/workspace/cargo-home/bin/cargo" "+cfbc6d4cf1acbac5c025acf8ed68929caa551df3" "read-manifest" "--manifest-path" "Cargo.toml", kill_on_drop: false }`
[INFO] started tweaking git repo https://github.com/lunchboxav/demo-3d
[INFO] finished tweaking git repo https://github.com/lunchboxav/demo-3d
[INFO] tweaked toml for git repo https://github.com/lunchboxav/demo-3d written to /workspace/builds/worker-7/source/Cargo.toml
[INFO] crate git repo https://github.com/lunchboxav/demo-3d already has a lockfile, it will not be regenerated
[INFO] running `Command { std: "/workspace/cargo-home/bin/cargo" "+cfbc6d4cf1acbac5c025acf8ed68929caa551df3" "fetch" "--locked" "--manifest-path" "Cargo.toml", kill_on_drop: false }`
[INFO] [stderr] error: the lock file /workspace/builds/worker-7/source/Cargo.lock needs to be updated but --locked was passed to prevent this
[INFO] [stderr] If you want to try to generate the lock file without accessing the network, use the --offline flag.
[INFO] the lockfile is outdated, regenerating it
[INFO] running `Command { std: "/workspace/cargo-home/bin/cargo" "+cfbc6d4cf1acbac5c025acf8ed68929caa551df3" "generate-lockfile" "--manifest-path" "Cargo.toml" "-Zno-index-update", kill_on_drop: false }`
[INFO] running `Command { std: "/workspace/cargo-home/bin/cargo" "+cfbc6d4cf1acbac5c025acf8ed68929caa551df3" "fetch" "--locked" "--manifest-path" "Cargo.toml", kill_on_drop: false }`
[INFO] [stderr]  Downloading crates ...
[INFO] [stderr]   Downloaded wayland-scanner v0.23.6
[INFO] [stderr]   Downloaded rusttype v0.7.9
[INFO] [stderr]   Downloaded ordered-float v1.1.0
[INFO] [stderr]   Downloaded proc-macro-crate v0.1.5
[INFO] [stderr]   Downloaded glutin_egl_sys v0.1.5
[INFO] [stderr]   Downloaded glutin_wgl_sys v0.1.5
[INFO] [stderr]   Downloaded downcast-rs v1.2.0
[INFO] [stderr]   Downloaded calloop v0.4.4
[INFO] [stderr]   Downloaded wayland-commons v0.23.6
[INFO] [stderr]   Downloaded core-video-sys v0.1.4
[INFO] [stderr]   Downloaded ndk v0.1.0
[INFO] [stderr]   Downloaded rusttype v0.8.3
[INFO] [stderr]   Downloaded jni-sys v0.3.0
[INFO] [stderr]   Downloaded smithay-client-toolkit v0.6.6
[INFO] [stderr]   Downloaded num_enum_derive v0.4.3
[INFO] [stderr]   Downloaded glium v0.27.0
[INFO] [stderr]   Downloaded wayland-client v0.23.6
[INFO] [stderr]   Downloaded wayland-sys v0.23.6
[INFO] [stderr]   Downloaded stb_truetype v0.3.1
[INFO] [stderr]   Downloaded gl_generator v0.14.0
[INFO] [stderr]   Downloaded dispatch v0.2.0
[INFO] [stderr]   Downloaded glutin_gles2_sys v0.1.5
[INFO] [stderr]   Downloaded cocoa v0.20.2
[INFO] [stderr]   Downloaded wayland-protocols v0.23.6
[INFO] [stderr]   Downloaded dlib v0.4.2
[INFO] [stderr]   Downloaded x11-dl v2.18.5
[INFO] [stderr]   Downloaded android_log-sys v0.1.2
[INFO] [stderr]   Downloaded derivative v2.1.1
[INFO] [stderr]   Downloaded glutin_emscripten_sys v0.1.1
[INFO] [stderr]   Downloaded ndk-glue v0.1.0
[INFO] [stderr]   Downloaded glutin v0.24.1
[INFO] [stderr]   Downloaded core-graphics v0.19.2
[INFO] [stderr]   Downloaded num_enum v0.4.3
[INFO] [stderr]   Downloaded takeable-option v0.5.0
[INFO] [stderr]   Downloaded winit v0.22.2
[INFO] [stderr]   Downloaded glutin_glx_sys v0.1.7
[INFO] [stderr]   Downloaded ndk-sys v0.1.0
[INFO] [stderr]   Downloaded cgl v0.3.2
[INFO] running `Command { std: "docker" "create" "-v" "/var/lib/crater-agent-workspace/builds/worker-7/target:/opt/rustwide/target:rw,Z" "-v" "/var/lib/crater-agent-workspace/builds/worker-7/source:/opt/rustwide/workdir:ro,Z" "-v" "/var/lib/crater-agent-workspace/cargo-home:/opt/rustwide/cargo-home:ro,Z" "-v" "/var/lib/crater-agent-workspace/rustup-home:/opt/rustwide/rustup-home:ro,Z" "-e" "SOURCE_DIR=/opt/rustwide/workdir" "-e" "CARGO_TARGET_DIR=/opt/rustwide/target" "-e" "CARGO_HOME=/opt/rustwide/cargo-home" "-e" "RUSTUP_HOME=/opt/rustwide/rustup-home" "-w" "/opt/rustwide/workdir" "-m" "1610612736" "--user" "0:0" "--network" "none" "rustops/crates-build-env@sha256:a636fd89d022f18117e1dc8fb37a0a009933cdbbe082814857f0e2024962d47c" "/opt/rustwide/cargo-home/bin/cargo" "+cfbc6d4cf1acbac5c025acf8ed68929caa551df3" "metadata" "--no-deps" "--format-version=1", kill_on_drop: false }`
[INFO] [stdout] 597acd25fcaf8b0e054b3d2d9db595a5f6e8d3cbcdbe2cea2af0dda945e588d4
[INFO] [stderr] WARNING: Your kernel does not support swap limit capabilities or the cgroup is not mounted. Memory limited without swap.
[INFO] running `Command { std: "docker" "start" "-a" "597acd25fcaf8b0e054b3d2d9db595a5f6e8d3cbcdbe2cea2af0dda945e588d4", kill_on_drop: false }`
[INFO] running `Command { std: "docker" "inspect" "597acd25fcaf8b0e054b3d2d9db595a5f6e8d3cbcdbe2cea2af0dda945e588d4", kill_on_drop: false }`
[INFO] running `Command { std: "docker" "rm" "-f" "597acd25fcaf8b0e054b3d2d9db595a5f6e8d3cbcdbe2cea2af0dda945e588d4", kill_on_drop: false }`
[INFO] [stdout] 597acd25fcaf8b0e054b3d2d9db595a5f6e8d3cbcdbe2cea2af0dda945e588d4
[INFO] running `Command { std: "docker" "create" "-v" "/var/lib/crater-agent-workspace/builds/worker-7/target:/opt/rustwide/target:rw,Z" "-v" "/var/lib/crater-agent-workspace/builds/worker-7/source:/opt/rustwide/workdir:ro,Z" "-v" "/var/lib/crater-agent-workspace/cargo-home:/opt/rustwide/cargo-home:ro,Z" "-v" "/var/lib/crater-agent-workspace/rustup-home:/opt/rustwide/rustup-home:ro,Z" "-e" "SOURCE_DIR=/opt/rustwide/workdir" "-e" "CARGO_TARGET_DIR=/opt/rustwide/target" "-e" "CARGO_INCREMENTAL=0" "-e" "RUST_BACKTRACE=full" "-e" "RUSTFLAGS=--cap-lints=forbid" "-e" "CARGO_HOME=/opt/rustwide/cargo-home" "-e" "RUSTUP_HOME=/opt/rustwide/rustup-home" "-w" "/opt/rustwide/workdir" "-m" "1610612736" "--user" "0:0" "--network" "none" "rustops/crates-build-env@sha256:a636fd89d022f18117e1dc8fb37a0a009933cdbbe082814857f0e2024962d47c" "/opt/rustwide/cargo-home/bin/cargo" "+cfbc6d4cf1acbac5c025acf8ed68929caa551df3" "check" "--frozen" "--all" "--all-targets" "--message-format=json", kill_on_drop: false }`
[INFO] [stderr] WARNING: Your kernel does not support swap limit capabilities or the cgroup is not mounted. Memory limited without swap.
[INFO] [stdout] a2c59bcd0e86eda2b12d7c82a065ed49938a8d2e03149a0e34213f0fe1b661f4
[INFO] running `Command { std: "docker" "start" "-a" "a2c59bcd0e86eda2b12d7c82a065ed49938a8d2e03149a0e34213f0fe1b661f4", kill_on_drop: false }`
[INFO] [stderr]    Compiling log v0.4.11
[INFO] [stderr]     Checking lazy_static v1.4.0
[INFO] [stderr]    Compiling byteorder v1.3.4
[INFO] [stderr]    Compiling proc-macro2 v0.4.30
[INFO] [stderr]    Compiling unicode-xid v0.1.0
[INFO] [stderr]    Compiling libloading v0.6.2
[INFO] [stderr]     Checking void v1.0.2
[INFO] [stderr]     Checking slab v0.4.2
[INFO] [stderr]     Checking downcast-rs v1.2.0
[INFO] [stderr]     Checking xml-rs v0.8.3
[INFO] [stderr]     Checking adler32 v1.2.0
[INFO] [stderr]    Compiling crc32fast v1.2.0
[INFO] [stderr]     Checking percent-encoding v2.1.0
[INFO] [stderr]     Checking rustc-demangle v0.1.16
[INFO] [stderr]     Checking bytemuck v1.3.1
[INFO] [stderr]     Checking takeable-option v0.5.0
[INFO] [stderr]     Checking fnv v1.0.7
[INFO] [stderr]    Compiling num-traits v0.2.12
[INFO] [stderr]    Compiling num-integer v0.1.43
[INFO] [stderr]    Compiling num-rational v0.3.0
[INFO] [stderr]    Compiling libloading v0.5.2
[INFO] [stderr]    Compiling x11-dl v2.18.5
[INFO] [stderr]     Checking miniz_oxide v0.4.1
[INFO] [stderr]     Checking gif v0.10.3
[INFO] [stderr]     Checking miniz_oxide v0.3.7
[INFO] [stderr]     Checking iovec v0.1.4
[INFO] [stderr]     Checking net2 v0.2.34
[INFO] [stderr]     Checking num_cpus v1.13.0
[INFO] [stderr]     Checking parking_lot_core v0.7.2
[INFO] [stderr]     Checking memmap v0.7.0
[INFO] [stderr]     Checking raw-window-handle v0.3.3
[INFO] [stderr]     Checking shared_library v0.1.9
[INFO] [stderr]     Checking nix v0.14.1
[INFO] [stderr]     Checking crossbeam-utils v0.7.2
[INFO] [stderr]     Checking osmesa-sys v0.1.2
[INFO] [stderr]     Checking parking_lot v0.10.2
[INFO] [stderr]     Checking dlib v0.4.2
[INFO] [stderr]     Checking wayland-sys v0.23.6
[INFO] [stderr]    Compiling gl_generator v0.14.0
[INFO] [stderr]     Checking mio v0.6.22
[INFO] [stderr]     Checking crossbeam-epoch v0.8.2
[INFO] [stderr]     Checking crossbeam-queue v0.2.3
[INFO] [stderr]     Checking backtrace v0.3.50
[INFO] [stderr]     Checking stb_truetype v0.3.1
[INFO] [stderr]     Checking deflate v0.8.6
[INFO] [stderr]     Checking tiff v0.5.0
[INFO] [stderr]     Checking crossbeam-deque v0.7.3
[INFO] [stderr]    Compiling quote v0.6.13
[INFO] [stderr]     Checking rayon-core v1.7.1
[INFO] [stderr]    Compiling wayland-scanner v0.23.6
[INFO] [stderr]     Checking png v0.16.7
[INFO] [stderr]     Checking mio-extras v2.0.6
[INFO] [stderr]     Checking ordered-float v1.1.0
[INFO] [stderr]     Checking approx v0.3.2
[INFO] [stderr]     Checking line_drawing v0.7.0
[INFO] [stderr]     Checking rayon v1.3.1
[INFO] [stderr]    Compiling glutin_egl_sys v0.1.5
[INFO] [stderr]    Compiling glutin_glx_sys v0.1.7
[INFO] [stderr]    Compiling glium v0.27.0
[INFO] [stderr]     Checking rusttype v0.8.3
[INFO] [stderr]     Checking num-iter v0.1.41
[INFO] [stderr]     Checking rusttype v0.7.9
[INFO] [stderr]     Checking andrew v0.2.1
[INFO] [stderr]    Compiling wayland-client v0.23.6
[INFO] [stderr]    Compiling wayland-protocols v0.23.6
[INFO] [stderr]     Checking wayland-commons v0.23.6
[INFO] [stderr]     Checking calloop v0.4.4
[INFO] [stderr]     Checking jpeg-decoder v0.1.20
[INFO] [stderr]     Checking image v0.23.8
[INFO] [stderr]     Checking smithay-client-toolkit v0.6.6
[INFO] [stderr]     Checking winit v0.22.2
[INFO] [stderr]     Checking glutin v0.24.1
[INFO] [stderr]     Checking demo-3d v0.1.0 (/opt/rustwide/workdir)
[INFO] [stdout] error[E0432]: unresolved import `glium::DisplayBuild`
[INFO] [stdout]  --> src/part01drawtriangle.rs:4:17
[INFO] [stdout]   |
[INFO] [stdout] 4 |     use glium::{DisplayBuild, Surface};
[INFO] [stdout]   |                 ^^^^^^^^^^^^ no `DisplayBuild` in the root
[INFO] [stdout] 
[INFO] [stdout] 
[INFO] [stdout] error[E0432]: unresolved import `glium::DisplayBuild`
[INFO] [stdout]  --> src/part02animatetriangle.rs:4:17
[INFO] [stdout]   |
[INFO] [stdout] 4 |     use glium::{DisplayBuild, Surface};
[INFO] [stdout]   |                 ^^^^^^^^^^^^ no `DisplayBuild` in the root
[INFO] [stdout] 
[INFO] [stdout] 
[INFO] [stdout] error[E0432]: unresolved import `glium::DisplayBuild`
[INFO] [stdout]  --> src/part03transformtriangle.rs:4:17
[INFO] [stdout]   |
[INFO] [stdout] 4 |     use glium::{DisplayBuild, Surface};
[INFO] [stdout]   |                 ^^^^^^^^^^^^ no `DisplayBuild` in the root
[INFO] [stdout] 
[INFO] [stdout] 
[INFO] [stdout] error[E0432]: unresolved import `glium::DisplayBuild`
[INFO] [stdout]  --> src/part04colortriangle.rs:4:17
[INFO] [stdout]   |
[INFO] [stdout] 4 |     use glium::{DisplayBuild, Surface};
[INFO] [stdout]   |                 ^^^^^^^^^^^^ no `DisplayBuild` in the root
[INFO] [stdout] 
[INFO] [stdout] 
[INFO] [stdout] error[E0432]: unresolved import `glium::DisplayBuild`
[INFO] [stdout]  --> src/part05texturetriangle.rs:6:17
[INFO] [stdout]   |
[INFO] [stdout] 6 |     use glium::{DisplayBuild, Surface};
[INFO] [stdout]   |                 ^^^^^^^^^^^^ no `DisplayBuild` in the root
[INFO] [stdout] 
[INFO] [stdout] 
[INFO] [stdout] error[E0432]: unresolved import `glium::DisplayBuild`
[INFO] [stdout]  --> src/part06load3d.rs:7:17
[INFO] [stdout]   |
[INFO] [stdout] 7 |     use glium::{DisplayBuild, Surface};
[INFO] [stdout]   |                 ^^^^^^^^^^^^ no `DisplayBuild` in the root
[INFO] [stdout] 
[INFO] [stdout] 
[INFO] [stdout] error[E0432]: unresolved import `glium::DisplayBuild`
[INFO] [stdout]  --> src/part07shade3d.rs:7:17
[INFO] [stdout]   |
[INFO] [stdout] 7 |     use glium::{DisplayBuild, Surface};
[INFO] [stdout]   |                 ^^^^^^^^^^^^ no `DisplayBuild` in the root
[INFO] [stdout] 
[INFO] [stdout] 
[INFO] [stdout] error[E0432]: unresolved import `glium::DisplayBuild`
[INFO] [stdout]  --> src/part01drawtriangle.rs:4:17
[INFO] [stdout]   |
[INFO] [stdout] 4 |     use glium::{DisplayBuild, Surface};
[INFO] [stdout]   |                 ^^^^^^^^^^^^ no `DisplayBuild` in the root
[INFO] [stdout] 
[INFO] [stdout] 
[INFO] [stdout] error[E0432]: unresolved import `glium::DisplayBuild`
[INFO] [stdout]  --> src/part02animatetriangle.rs:4:17
[INFO] [stdout]   |
[INFO] [stdout] 4 |     use glium::{DisplayBuild, Surface};
[INFO] [stdout]   |                 ^^^^^^^^^^^^ no `DisplayBuild` in the root
[INFO] [stdout] 
[INFO] [stdout] 
[INFO] [stdout] error[E0432]: unresolved import `glium::DisplayBuild`
[INFO] [stdout]  --> src/part03transformtriangle.rs:4:17
[INFO] [stdout]   |
[INFO] [stdout] 4 |     use glium::{DisplayBuild, Surface};
[INFO] [stdout]   |                 ^^^^^^^^^^^^ no `DisplayBuild` in the root
[INFO] [stdout] 
[INFO] [stdout] 
[INFO] [stdout] error[E0432]: unresolved import `glium::DisplayBuild`
[INFO] [stdout]  --> src/part04colortriangle.rs:4:17
[INFO] [stdout]   |
[INFO] [stdout] 4 |     use glium::{DisplayBuild, Surface};
[INFO] [stdout]   |                 ^^^^^^^^^^^^ no `DisplayBuild` in the root
[INFO] [stdout] 
[INFO] [stdout] 
[INFO] [stdout] error[E0432]: unresolved import `glium::DisplayBuild`
[INFO] [stdout]  --> src/part05texturetriangle.rs:6:17
[INFO] [stdout]   |
[INFO] [stdout] 6 |     use glium::{DisplayBuild, Surface};
[INFO] [stdout]   |                 ^^^^^^^^^^^^ no `DisplayBuild` in the root
[INFO] [stdout] 
[INFO] [stdout] 
[INFO] [stdout] error[E0432]: unresolved import `glium::DisplayBuild`
[INFO] [stdout]  --> src/part06load3d.rs:7:17
[INFO] [stdout]   |
[INFO] [stdout] 7 |     use glium::{DisplayBuild, Surface};
[INFO] [stdout]   |                 ^^^^^^^^^^^^ no `DisplayBuild` in the root
[INFO] [stdout] 
[INFO] [stdout] 
[INFO] [stdout] error[E0432]: unresolved import `glium::DisplayBuild`
[INFO] [stdout]  --> src/part07shade3d.rs:7:17
[INFO] [stdout]   |
[INFO] [stdout] 7 |     use glium::{DisplayBuild, Surface};
[INFO] [stdout]   |                 ^^^^^^^^^^^^ no `DisplayBuild` in the root
[INFO] [stdout] 
[INFO] [stdout] 
[INFO] [stdout] error[E0433]: failed to resolve: could not find `Event` in `glutin`
[INFO] [stdout]   --> src/part01drawtriangle.rs:50:32
[INFO] [stdout]    |
[INFO] [stdout] 50 |                 glium::glutin::Event::Closed => return,
[INFO] [stdout]    |                                ^^^^^ could not find `Event` in `glutin`
[INFO] [stdout] 
[INFO] [stdout] 
[INFO] [stdout] error[E0433]: failed to resolve: could not find `Event` in `glutin`
[INFO] [stdout]   --> src/part02animatetriangle.rs:62:32
[INFO] [stdout]    |
[INFO] [stdout] 62 |                 glium::glutin::Event::Closed => return,
[INFO] [stdout]    |                                ^^^^^ could not find `Event` in `glutin`
[INFO] [stdout] 
[INFO] [stdout] 
[INFO] [stdout] error[E0433]: failed to resolve: could not find `Event` in `glutin`
[INFO] [stdout]   --> src/part03transformtriangle.rs:70:32
[INFO] [stdout]    |
[INFO] [stdout] 70 |                 glium::glutin::Event::Closed => return,
[INFO] [stdout]    |                                ^^^^^ could not find `Event` in `glutin`
[INFO] [stdout] 
[INFO] [stdout] 
[INFO] [stdout] error[E0433]: failed to resolve: could not find `Event` in `glutin`
[INFO] [stdout]   --> src/part04colortriangle.rs:75:32
[INFO] [stdout]    |
[INFO] [stdout] 75 |                 glium::glutin::Event::Closed => return,
[INFO] [stdout]    |                                ^^^^^ could not find `Event` in `glutin`
[INFO] [stdout] 
[INFO] [stdout] 
[INFO] [stdout] error[E0433]: failed to resolve: could not find `Event` in `glutin`
[INFO] [stdout]   --> src/part05texturetriangle.rs:83:32
[INFO] [stdout]    |
[INFO] [stdout] 83 |                 glium::glutin::Event::Closed => return,
[INFO] [stdout]    |                                ^^^^^ could not find `Event` in `glutin`
[INFO] [stdout] 
[INFO] [stdout] 
[INFO] [stdout] error[E0433]: failed to resolve: could not find `Event` in `glutin`
[INFO] [stdout]   --> src/part01drawtriangle.rs:50:32
[INFO] [stdout]    |
[INFO] [stdout] 50 |                 glium::glutin::Event::Closed => return,
[INFO] [stdout]    |                                ^^^^^ could not find `Event` in `glutin`
[INFO] [stdout] 
[INFO] [stdout] 
[INFO] [stdout] error[E0433]: failed to resolve: could not find `Event` in `glutin`
[INFO] [stdout]   --> src/part02animatetriangle.rs:62:32
[INFO] [stdout]    |
[INFO] [stdout] 62 |                 glium::glutin::Event::Closed => return,
[INFO] [stdout]    |                                ^^^^^ could not find `Event` in `glutin`
[INFO] [stdout] 
[INFO] [stdout] 
[INFO] [stdout] error[E0433]: failed to resolve: could not find `Event` in `glutin`
[INFO] [stdout]   --> src/part03transformtriangle.rs:70:32
[INFO] [stdout]    |
[INFO] [stdout] 70 |                 glium::glutin::Event::Closed => return,
[INFO] [stdout]    |                                ^^^^^ could not find `Event` in `glutin`
[INFO] [stdout] 
[INFO] [stdout] 
[INFO] [stdout] error[E0433]: failed to resolve: could not find `Event` in `glutin`
[INFO] [stdout]   --> src/part06load3d.rs:53:32
[INFO] [stdout]    |
[INFO] [stdout] 53 |                 glium::glutin::Event::Closed => return,
[INFO] [stdout]    |                                ^^^^^ could not find `Event` in `glutin`
[INFO] [stdout] 
[INFO] [stdout] 
[INFO] [stdout] error[E0433]: failed to resolve: could not find `Event` in `glutin`
[INFO] [stdout]   --> src/part07shade3d.rs:63:32
[INFO] [stdout]    |
[INFO] [stdout] 63 |                 glium::glutin::Event::Closed => return,
[INFO] [stdout]    |                                ^^^^^ could not find `Event` in `glutin`
[INFO] [stdout] 
[INFO] [stdout] 
[INFO] [stdout] error[E0433]: failed to resolve: could not find `WindowBuilder` in `glutin`
[INFO] [stdout]  --> src/part01drawtriangle.rs:5:34
[INFO] [stdout]   |
[INFO] [stdout] 5 |     let display = glium::glutin::WindowBuilder::new().build_glium().unwrap();
[INFO] [stdout]   |                                  ^^^^^^^^^^^^^ not found in `glium::glutin`
[INFO] [stdout]   |
[INFO] [stdout] help: consider importing this struct
[INFO] [stdout]   |
[INFO] [stdout] 1 | use glium::glutin::window::WindowBuilder;
[INFO] [stdout]   |
[INFO] [stdout] 
[INFO] [stdout] 
[INFO] [stdout] error[E0433]: failed to resolve: could not find `WindowBuilder` in `glutin`
[INFO] [stdout]  --> src/part02animatetriangle.rs:5:34
[INFO] [stdout]   |
[INFO] [stdout] 5 |     let display = glium::glutin::WindowBuilder::new().build_glium().unwrap();
[INFO] [stdout]   |                                  ^^^^^^^^^^^^^ not found in `glium::glutin`
[INFO] [stdout]   |
[INFO] [stdout] help: consider importing this struct
[INFO] [stdout]   |
[INFO] [stdout] 1 | use glium::glutin::window::WindowBuilder;
[INFO] [stdout]   |
[INFO] [stdout] 
[INFO] [stdout] 
[INFO] [stdout] error[E0433]: failed to resolve: could not find `WindowBuilder` in `glutin`
[INFO] [stdout]  --> src/part03transformtriangle.rs:5:34
[INFO] [stdout]   |
[INFO] [stdout] 5 |     let display = glium::glutin::WindowBuilder::new().build_glium().unwrap();
[INFO] [stdout]   |                                  ^^^^^^^^^^^^^ not found in `glium::glutin`
[INFO] [stdout]   |
[INFO] [stdout] help: consider importing this struct
[INFO] [stdout]   |
[INFO] [stdout] 1 | use glium::glutin::window::WindowBuilder;
[INFO] [stdout]   |
[INFO] [stdout] 
[INFO] [stdout] 
[INFO] [stdout] error[E0433]: failed to resolve: could not find `WindowBuilder` in `glutin`
[INFO] [stdout]  --> src/part04colortriangle.rs:5:34
[INFO] [stdout]   |
[INFO] [stdout] 5 |     let display = glium::glutin::WindowBuilder::new().build_glium().unwrap();
[INFO] [stdout]   |                                  ^^^^^^^^^^^^^ not found in `glium::glutin`
[INFO] [stdout]   |
[INFO] [stdout] help: consider importing this struct
[INFO] [stdout]   |
[INFO] [stdout] 1 | use glium::glutin::window::WindowBuilder;
[INFO] [stdout]   |
[INFO] [stdout] 
[INFO] [stdout] 
[INFO] [stdout] error[E0433]: failed to resolve: could not find `WindowBuilder` in `glutin`
[INFO] [stdout]  --> src/part05texturetriangle.rs:7:34
[INFO] [stdout]   |
[INFO] [stdout] 7 |     let display = glium::glutin::WindowBuilder::new().build_glium().unwrap();
[INFO] [stdout]   |                                  ^^^^^^^^^^^^^ not found in `glium::glutin`
[INFO] [stdout]   |
[INFO] [stdout] help: consider importing this struct
[INFO] [stdout]   |
[INFO] [stdout] 1 | use glium::glutin::window::WindowBuilder;
[INFO] [stdout]   |
[INFO] [stdout] 
[INFO] [stdout] 
[INFO] [stdout] error[E0425]: cannot find value `PNG` in crate `image`
[INFO] [stdout]   --> src/part05texturetriangle.rs:10:36
[INFO] [stdout]    |
[INFO] [stdout] 10 | ...                   image::PNG).unwrap().to_rgba();
[INFO] [stdout]    |                              ^^^ not found in `image`
[INFO] [stdout] 
[INFO] [stdout] 
[INFO] [stdout] error[E0433]: failed to resolve: could not find `WindowBuilder` in `glutin`
[INFO] [stdout]  --> src/part06load3d.rs:8:34
[INFO] [stdout]   |
[INFO] [stdout] 8 |     let display = glium::glutin::WindowBuilder::new().build_glium().unwrap();
[INFO] [stdout]   |                                  ^^^^^^^^^^^^^ not found in `glium::glutin`
[INFO] [stdout]   |
[INFO] [stdout] help: consider importing this struct
[INFO] [stdout]   |
[INFO] [stdout] 1 | use glium::glutin::window::WindowBuilder;
[INFO] [stdout]   |
[INFO] [stdout] 
[INFO] [stdout] 
[INFO] [stdout] error[E0433]: failed to resolve: could not find `WindowBuilder` in `glutin`
[INFO] [stdout]  --> src/part07shade3d.rs:8:34
[INFO] [stdout]   |
[INFO] [stdout] 8 |     let display = glium::glutin::WindowBuilder::new().build_glium().unwrap();
[INFO] [stdout]   |                                  ^^^^^^^^^^^^^ not found in `glium::glutin`
[INFO] [stdout]   |
[INFO] [stdout] help: consider importing this struct
[INFO] [stdout]   |
[INFO] [stdout] 1 | use glium::glutin::window::WindowBuilder;
[INFO] [stdout]   |
[INFO] [stdout] 
[INFO] [stdout] 
[INFO] [stdout] error[E0433]: failed to resolve: could not find `Event` in `glutin`
[INFO] [stdout]   --> src/part04colortriangle.rs:75:32
[INFO] [stdout]    |
[INFO] [stdout] 75 |                 glium::glutin::Event::Closed => return,
[INFO] [stdout]    |                                ^^^^^ could not find `Event` in `glutin`
[INFO] [stdout] 
[INFO] [stdout] 
[INFO] [stdout] error[E0433]: failed to resolve: could not find `Event` in `glutin`
[INFO] [stdout]   --> src/part05texturetriangle.rs:83:32
[INFO] [stdout]    |
[INFO] [stdout] 83 |                 glium::glutin::Event::Closed => return,
[INFO] [stdout]    |                                ^^^^^ could not find `Event` in `glutin`
[INFO] [stdout] 
[INFO] [stdout] 
[INFO] [stdout] error[E0433]: failed to resolve: could not find `Event` in `glutin`
[INFO] [stdout]   --> src/part06load3d.rs:53:32
[INFO] [stdout]    |
[INFO] [stdout] 53 |                 glium::glutin::Event::Closed => return,
[INFO] [stdout]    |                                ^^^^^ could not find `Event` in `glutin`
[INFO] [stdout] 
[INFO] [stdout] 
[INFO] [stdout] error[E0433]: failed to resolve: could not find `Event` in `glutin`
[INFO] [stdout]   --> src/part07shade3d.rs:63:32
[INFO] [stdout]    |
[INFO] [stdout] 63 |                 glium::glutin::Event::Closed => return,
[INFO] [stdout]    |                                ^^^^^ could not find `Event` in `glutin`
[INFO] [stdout] 
[INFO] [stdout] 
[INFO] [stdout] error[E0433]: failed to resolve: could not find `WindowBuilder` in `glutin`
[INFO] [stdout]  --> src/part01drawtriangle.rs:5:34
[INFO] [stdout]   |
[INFO] [stdout] 5 |     let display = glium::glutin::WindowBuilder::new().build_glium().unwrap();
[INFO] [stdout]   |                                  ^^^^^^^^^^^^^ not found in `glium::glutin`
[INFO] [stdout]   |
[INFO] [stdout] help: consider importing this struct
[INFO] [stdout]   |
[INFO] [stdout] 1 | use glium::glutin::window::WindowBuilder;
[INFO] [stdout]   |
[INFO] [stdout] 
[INFO] [stdout] 
[INFO] [stdout] error[E0433]: failed to resolve: could not find `WindowBuilder` in `glutin`
[INFO] [stdout]  --> src/part02animatetriangle.rs:5:34
[INFO] [stdout]   |
[INFO] [stdout] 5 |     let display = glium::glutin::WindowBuilder::new().build_glium().unwrap();
[INFO] [stdout]   |                                  ^^^^^^^^^^^^^ not found in `glium::glutin`
[INFO] [stdout]   |
[INFO] [stdout] help: consider importing this struct
[INFO] [stdout]   |
[INFO] [stdout] 1 | use glium::glutin::window::WindowBuilder;
[INFO] [stdout]   |
[INFO] [stdout] 
[INFO] [stdout] 
[INFO] [stdout] error[E0433]: failed to resolve: could not find `WindowBuilder` in `glutin`
[INFO] [stdout]  --> src/part03transformtriangle.rs:5:34
[INFO] [stdout]   |
[INFO] [stdout] 5 |     let display = glium::glutin::WindowBuilder::new().build_glium().unwrap();
[INFO] [stdout]   |                                  ^^^^^^^^^^^^^ not found in `glium::glutin`
[INFO] [stdout]   |
[INFO] [stdout] help: consider importing this struct
[INFO] [stdout]   |
[INFO] [stdout] 1 | use glium::glutin::window::WindowBuilder;
[INFO] [stdout]   |
[INFO] [stdout] 
[INFO] [stdout] 
[INFO] [stdout] error[E0433]: failed to resolve: could not find `WindowBuilder` in `glutin`
[INFO] [stdout]  --> src/part04colortriangle.rs:5:34
[INFO] [stdout]   |
[INFO] [stdout] 5 |     let display = glium::glutin::WindowBuilder::new().build_glium().unwrap();
[INFO] [stdout]   |                                  ^^^^^^^^^^^^^ not found in `glium::glutin`
[INFO] [stdout]   |
[INFO] [stdout] help: consider importing this struct
[INFO] [stdout]   |
[INFO] [stdout] 1 | use glium::glutin::window::WindowBuilder;
[INFO] [stdout]   |
[INFO] [stdout] 
[INFO] [stdout] 
[INFO] [stdout] error[E0433]: failed to resolve: could not find `WindowBuilder` in `glutin`
[INFO] [stdout]  --> src/part05texturetriangle.rs:7:34
[INFO] [stdout]   |
[INFO] [stdout] 7 |     let display = glium::glutin::WindowBuilder::new().build_glium().unwrap();
[INFO] [stdout]   |                                  ^^^^^^^^^^^^^ not found in `glium::glutin`
[INFO] [stdout]   |
[INFO] [stdout] help: consider importing this struct
[INFO] [stdout]   |
[INFO] [stdout] 1 | use glium::glutin::window::WindowBuilder;
[INFO] [stdout]   |
[INFO] [stdout] 
[INFO] [stdout] 
[INFO] [stdout] error[E0425]: cannot find value `PNG` in crate `image`
[INFO] [stdout]   --> src/part05texturetriangle.rs:10:36
[INFO] [stdout]    |
[INFO] [stdout] 10 | ...                   image::PNG).unwrap().to_rgba();
[INFO] [stdout]    |                              ^^^ not found in `image`
[INFO] [stdout] 
[INFO] [stdout] 
[INFO] [stdout] error[E0433]: failed to resolve: could not find `WindowBuilder` in `glutin`
[INFO] [stdout]  --> src/part06load3d.rs:8:34
[INFO] [stdout]   |
[INFO] [stdout] 8 |     let display = glium::glutin::WindowBuilder::new().build_glium().unwrap();
[INFO] [stdout]   |                                  ^^^^^^^^^^^^^ not found in `glium::glutin`
[INFO] [stdout]   |
[INFO] [stdout] help: consider importing this struct
[INFO] [stdout]   |
[INFO] [stdout] 1 | use glium::glutin::window::WindowBuilder;
[INFO] [stdout]   |
[INFO] [stdout] 
[INFO] [stdout] 
[INFO] [stdout] error[E0433]: failed to resolve: could not find `WindowBuilder` in `glutin`
[INFO] [stdout]  --> src/part07shade3d.rs:8:34
[INFO] [stdout]   |
[INFO] [stdout] 8 |     let display = glium::glutin::WindowBuilder::new().build_glium().unwrap();
[INFO] [stdout]   |                                  ^^^^^^^^^^^^^ not found in `glium::glutin`
[INFO] [stdout]   |
[INFO] [stdout] help: consider importing this struct
[INFO] [stdout]   |
[INFO] [stdout] 1 | use glium::glutin::window::WindowBuilder;
[INFO] [stdout]   |
[INFO] [stdout] 
[INFO] [stdout] 
[INFO] [stdout] error[E0308]: mismatched types
[INFO] [stdout]   --> src/part05texturetriangle.rs:12:68
[INFO] [stdout]    |
[INFO] [stdout] 12 |     let image = glium::texture::RawImage2d::from_raw_rgba_reversed(image.into_raw(), image_dimensions);
[INFO] [stdout]    |                                                                    ^^^^^^^^^^^^^^^^
[INFO] [stdout]    |                                                                    |
[INFO] [stdout]    |                                                                    expected `&[_]`, found struct `std::vec::Vec`
[INFO] [stdout]    |                                                                    help: consider borrowing here: `&image.into_raw()`
[INFO] [stdout]    |
[INFO] [stdout]    = note: expected reference `&[_]`
[INFO] [stdout]                  found struct `std::vec::Vec<u8>`
[INFO] [stdout] 
[INFO] [stdout] 
[INFO] [stdout] error[E0308]: mismatched types
[INFO] [stdout]   --> src/part05texturetriangle.rs:12:68
[INFO] [stdout]    |
[INFO] [stdout] 12 |     let image = glium::texture::RawImage2d::from_raw_rgba_reversed(image.into_raw(), image_dimensions);
[INFO] [stdout]    |                                                                    ^^^^^^^^^^^^^^^^
[INFO] [stdout]    |                                                                    |
[INFO] [stdout]    |                                                                    expected `&[_]`, found struct `std::vec::Vec`
[INFO] [stdout]    |                                                                    help: consider borrowing here: `&image.into_raw()`
[INFO] [stdout]    |
[INFO] [stdout]    = note: expected reference `&[_]`
[INFO] [stdout]                  found struct `std::vec::Vec<u8>`
[INFO] [stdout] 
[INFO] [stdout] 
[INFO] [stdout] error: aborting due to 23 previous errors
[INFO] [stdout] 
[INFO] [stdout] 
[INFO] [stdout] Some errors have detailed explanations: E0308, E0425, E0432, E0433.
[INFO] [stdout] 
[INFO] [stdout] For more information about an error, try `rustc --explain E0308`.
[INFO] [stdout] 
[INFO] [stderr] error: could not compile `demo-3d`.
[INFO] [stderr] 
[INFO] [stderr] To learn more, run the command again with --verbose.
[INFO] [stderr] warning: build failed, waiting for other jobs to finish...
[INFO] [stdout] error: aborting due to 23 previous errors
[INFO] [stdout] 
[INFO] [stdout] 
[INFO] [stdout] Some errors have detailed explanations: E0308, E0425, E0432, E0433.
[INFO] [stdout] 
[INFO] [stdout] For more information about an error, try `rustc --explain E0308`.
[INFO] [stdout] 
[INFO] [stderr] error: build failed
[INFO] running `Command { std: "docker" "inspect" "a2c59bcd0e86eda2b12d7c82a065ed49938a8d2e03149a0e34213f0fe1b661f4", kill_on_drop: false }`
[INFO] running `Command { std: "docker" "rm" "-f" "a2c59bcd0e86eda2b12d7c82a065ed49938a8d2e03149a0e34213f0fe1b661f4", kill_on_drop: false }`
[INFO] [stdout] a2c59bcd0e86eda2b12d7c82a065ed49938a8d2e03149a0e34213f0fe1b661f4
